- 132*n**2 + 127*n + 23. What is p(32)?
-9
Let r(n) = -3*n**2 + 120*n - 1193. Calculate r(17).
-20
Let j(o) = -o**3 - 23*o**2 + 100*o + 160. What is j(-26)?
-412
Let j(i) = 2147*i + 51296. Give j(-24).
-232
Let p(w) = 503*w**2 - 27*w + 28. Determine p(1).
504
Let q(o) = -1352665*o + 45990615. Give q(34).
5
Let z(v) = -4021*v + 136712. What is z(34)?
-2
Let c(w) = 6644*w - 12979. Determine c(2).
309
Let r(s) = -219*s + 11891. Determine r(54).
65
Let v(b) = 882*b + 371316. Determine v(-421).
-6
Let j(s) = s**3 - 4*s**2 - 7*s - 79. Give j(10).
451
Let s(d) = 2*d**3 - 14*d**2 - 129*d + 97. Determine s(12).
-11
Let v(a) = 2405*a - 146716. Give v(61).
-11
Let r(y) = -5*y**2 + 37*y + 2071. Give r(-17).
-3
Let i(x) = 358*x**3 - 1236*x**2 + 881*x + 3. Calculate i(1).
6
Let b(n) = -27*n - 922. Give b(11).
-1219
Let p(x) = 9*x**2 + 6404*x + 19202. Calculate p(-3).
71
Let l(g) = 10474*g - 32061. What is l(3)?
-639
Let m(n) = -11933*n - 35803. What is m(-3)?
-4
Let h(q) = 669*q + 2270. What is h(-4)?
-406
Let r(x) = 5*x**3 - 7*x**2 - 17*x + 121. Determine r(5).
486
Let g(t) = -3971*t - 762431. Give g(-192).
1
Let l(b) = 7*b**3 - 243*b**2 - 2*b - 272. What is l(35)?
2108
Let y(n) = -131*n**2 - 114*n + 346. Determine y(3).
-1175
Let i(m) = -3138*m + 345174. Give i(110).
-6
Let j(p) = 1866*p + 121071. Calculate j(-65).
-219
Let g(o) = 7*o**2 + 9513*o - 19035. What is g(2)?
19
Let z(u) = 16*u**3 - 141*u**2 - 41*u + 162. Determine z(9).
36
Let q(m) = 5*m**3 - 649*m**2 + 527*m - 1427. What is q(129)?
-8
Let f(x) = -x**3 + 18*x**2 + 314*x - 46. Give f(23).
4531
Let d(t) = -210*t + 11309. Calculate d(54).
-31
Let d(x) = 20*x**2 + 113*x - 942. Determine d(5).
123
Let t(x) = -30409*x - 304086. Determine t(-10).
4
Let b(f) = -3*f**2 - 392*f - 8428. Calculate b(-103).
121
Let o(r) = 3*r**2 - 151*r + 216. Calculate o(46).
-382
Let r(g) = -271*g - 3031. What is r(-15)?
1034
Let s(a) = -a**3 - 41*a**2 + 486*a - 156. What is s(9)?
168
Let o(h) = h**2 + 1969*h - 92787. Give o(46).
-97
Let k(l) = -3210*l - 51373. Give k(-16).
-13
Let f(d) = -d**2 - 741*d - 15910. Calculate f(-22).
-92
Let u(q) = -2*q**3 + 258*q**2 + 62729*q + 3803. What is u(253)?
8
Let r(a) = 63669*a + 636703. Determine r(-10).
13
Let m(g) = -4611*g**2 - 262841*g - 797. What is m(-57)?
1
Let o(q) = -2*q**2 + 39584*q + 832166. Calculate o(-21).
20
Let u(f) = 2*f**3 - 873*f**2 - 21969*f + 3243. What is u(-24)?
3
Let y(f) = -f**2 - 7385*f - 293808. Calculate y(-40).
-8
Let k(s) = -6*s**2 - 47*s + 5585. Calculate k(27).
-58
Let d(i) = -231*i - 6449. Give d(-30).
481
Let g(f) = 121582*f + 851077. Calculate g(-7).
3
Let x(o) = 45*o**2 + 5*o - 124. Determine x(5).
1026
Let z(l) = -5*l**3 + 123*l**2 - 518*l - 260. Determine z(19).
6
Let d(a) = -8*a**2 + 709*a - 15117. What is d(36)?
39
Let q(a) = 118072*a - 1062764. Determine q(9).
-116
Let r(u) = 33*u**2 - 952*u + 74. Determine r(28).
-710
Let z(l) = 487*l - 966. Determine z(2).
8
Let j(u) = -306*u - 52322. Calculate j(-171).
4
Let m(l) = -l**3 - 484*l**2 + 553*l + 32911. Give m(-485).
-69
Let y(r) = -57150*r + 20173927. Calculate y(353).
-23
Let b(w) = 9*w**2 - 1981*w - 2340. Calculate b(221).
-572
Let f(y) = -10*y**2 + 250*y + 2233. Give f(-7).
-7
Let g(f) = -f**3 + 180*f**2 - 1029*f - 1180. Give g(174).
1430
Let f(p) = 3*p**2 + 73*p - 269. Calculate f(-34).
717
Let j(b) = -13181*b - 106312. What is j(-8)?
-864
Let x(i) = i**3 + 31*i**2 - 1697*i - 46161. What is x(-25)?
14
Let g(k) = -2*k**3 - 48*k**2 + 180*k + 5186. Give g(-23).
-12
Let o(s) = 4777*s + 133739. Determine o(-28).
-17
Let a(z) = -370*z + 18550. What is a(50)?
50
Let z(h) = h**3 - 3*h**2 + 7*h. Calculate z(9).
549
Let h(i) = -3552*i - 15694. Determine h(-5).
2066
Let x(g) = g**2 + 8052*g - 315600. Give x(39).
-51
Let q(v) = v**3 + 30*v**2 - 256*v - 11. What is q(6)?
-251
Let s(q) = -5*q**3 + 12*q**2 + 139*q + 20. What is s(6)?
206
Let q(l) = 2112*l - 771157. Calculate q(365).
-277
Let l(t) = 25*t**2 + 3454*t + 1092. Determine l(-138).
540
Let h(v) = -2*v**3 + 1326*v**2 - 61295*v - 3064. Give h(613).
1
Let q(i) = 244*i - 3181. Calculate q(13).
-9
Let x(w) = -150*w**2 - 21325*w - 3546. What is x(-142)?
4
Let p(z) = -5*z**3 - 8*z**2 + 42*z + 116. Give p(6).
-1000
Let q(z) = 10971*z + 307187. Determine q(-28).
-1
Let g(f) = 115696*f + 1156974. Calculate g(-10).
14
Let z(n) = -2*n**2 + 269*n + 3349. Determine z(148).
-647
Let r(s) = 16198*s - 32418. What is r(2)?
-22
Let r(u) = 3226*u - 36396. What is r(11)?
-910
Let y(t) = t**2 - 81*t - 64144. What is y(297)?
8
Let x(n) = 3*n**2 - 285*n + 6388. Calculate x(36).
16
Let p(m) = m**3 - 92*m**2 + 252*m - 14630. Calculate p(91).
21
Let y(q) = -4749*q - 66483. Calculate y(-14).
3
Let l(q) = -q**3 - 72*q**2 - 994*q - 555. What is l(-54)?
633
Let z(y) = -30264*y**2 - 877656*y - 18. Determine z(-29).
-18
Let y(i) = -i**2 - 45*i - 251. Determine y(-11).
123
Let m(j) = 12*j + 2072. What is m(-172)?
8
Let f(m) = m**3 - 42*m**2 - 105*m + 3589. Calculate f(42).
-821
Let b(o) = 33313*o - 2198679. What is b(66)?
-21
Let f(x) = 3*x**2 + 239*x + 1137. Give f(-5).
17
Let i(b) = 68308*b + 546475. Give i(-8).
11
Let v(a) = a**3 + 95*a**2 + 103*a + 350. Determine v(-94).
-496
Let q(i) = -2*i**3 - 1077*i**2 - 14178*i - 1553. Determine q(-525).
22
Let m(f) = 2*f**2 + 170*f - 2765. What is m(14)?
7
Let j(c) = 2*c**3 + 135*c**2 - 49*c + 1197. Determine j(-68).
-95
Let l(n) = -15*n**2 + 40*n + 888. What is l(9)?
33
Let m(d) = -18034*d - 2993640. Give m(-166).
4
Let q(w) = -6*w**3 + 171*w**2 - 271*w + 5225. Calculate q(28).
-11
Let k(o) = 12053*o + 11993. Give k(-1).
-60
Let h(v) = -67*v + 3453. Calculate h(51).
36
Let g(u) = -367870*u - 1839337. Calculate g(-5).
13
Let h(i) = i**3 - 228*i**2 + 6513*i - 15206. Calculate h(195).
4
Let d(s) = 85759*s + 85713. Calculate d(-1).
-46
Let b(m) = -26*m**2 - 13429*m + 67118. What is b(5)?
-677
Let m(u) = -12*u**3 - 83*u**2 + 14*u + 93. Calculate m(-7).
44
Let y(b) = -b**3 + 132*b**2 + 145*b - 1606. Give y(133).
-10
Let w(x) = 302*x**2 + 3299*x - 245. Give w(-11).
8
Let p(f) = 2466*f - 5800. Give p(3).
1598
Let h(n) = -3*n**2 - 1251*n + 98939. Calculate h(-485).
-1
Let o(l) = 3531*l + 6981. Give o(-2).
-81
Let p(m) = -74479*m + 372504. Give p(5).
109
Let d(f) = -63025*f - 567230. What is d(-9)?
-5
Let x(p) = -18623*p - 3110051. Determine x(-167).
-10
Let i(g) = 56*g - 8048. Determine i(149).
296
Let a(f) = 1867*f + 9833. Determine a(-6).
-1369
Let k(q) = -q**3 - 37*q**2 - 96*q - 57. Calculate k(-32).
-2105
Let t(l) = -l**3 + 16*l**2 - 7*l - 88. Give t(19).
-1304
Let q(d) = 2*d**2 + 199*d - 1704. Give q(0).
-1704
Let i(n) = -n**2 + 6386*n - 2899845. Give i(492).
3
Let d(l) = 240*l**2 + 32880*l - 47. Give d(-137).
-47
Let i(q) = 3*q**2 + 2820*q - 87113. Calculate i(30).
187
Let q(x) = -286*x - 3974. Determine q(-12).
-542
Let n(z) = -1471*z + 457473. Calculate n(311).
-8
Let n(h) = 3*h**3 + 127*h**2 - 109*h - 912. Determine n(-43).
77
Let r(u) = -3*u**2 + 796*u - 10098. Calculate r(13).
-257
Let x(g) = -928*g - 83631. What is x(-90)?
-111
Let f(h) = 2238*h**2 + 8926*h + 1. Give f(-4).
105
Let b(g) = -22*g**3 - 3047*g**2 - 4524*g - 388. Determine b(-137).
23
Let u(f) = -f**2 + 328*f + 3373. Determine u(-10).
-7
Let d(i) = -10*i**2 - 1012*i - 7101. Determine d(-7).
-507
Let a(r) = 4953*r + 252412. What is a(-51)?
-191
Let t(b) = 212046*b - 48770579. Give t(230).
1
Let t(s) = -2636*s + 572041. Give t(217).
29
Let a(o) = -35*o**3 + o**2 + 14022*o - 28039. Calculate a(2).
-271
Let l(o) = -2*o**2 + 2902*o + 43981. Determine l(-15).
1
Let l(q) = -16*q**2 + 236*q - 749. What is l(4)?
-61
Let h(b) = -8*b**3 + 857*b**2 - 121*b + 1540. Determine h(107).
42
Let s(z) = z**2 + 1183*z - 12949. Determine s(11).
185
Let b(m) = m**2 - 76*m + 1135. Give b(74).
987
Let o(u) = 2317*u - 24573. What is o(11)?
914
Let s(x) = 6*x**2 + 60*x + 474. Determine s(-9).
420
Let c(s) = 2*s**3 - 29*s**2 - 4*s + 768. What is c(6)?
132
Let s(f) = -2*f**3 - 4*f**2 + 116*f - 611. Calculate s(9).
-1349
Let g(j) = -4*j**2 + 76*j + 2289. Determine g(-19).
-599
Let x(z) = 6*z - 273. What is x(-53)?
-591
Let s(o) = 5*o**3 + 2*o**2 - 114*o - 1064. Determine s(-8).
-2584
Let n(t) = 13*t**2 - 758*t - 13112. Determine n(-14).
48
Let p(w) = -3*w**2 + 302*w - 3195. Give p(12).
-3
Let 